 common divisor of 55 and 1265.
55
Calculate the highest common factor of 58 and 1566.
58
What is the greatest common divisor of 216 and 2664?
72
Calculate the highest common divisor of 275 and 8085.
55
What is the highest common factor of 162 and 270?
54
What is the greatest common divisor of 15 and 1215?
15
What is the highest common factor of 266 and 1568?
14
What is the greatest common divisor of 114 and 78?
6
Calculate the greatest common factor of 72 and 90.
18
What is the highest common factor of 14 and 497?
7
What is the greatest common divisor of 2662 and 22?
22
What is the greatest common factor of 84 and 1526?
14
Calculate the greatest common divisor of 2106 and 30.
6
What is the greatest common factor of 48 and 64?
16
What is the highest common divisor of 23 and 667?
23
Calculate the greatest common divisor of 1586 and 130.
26
Calculate the highest common divisor of 105 and 4585.
35
Calculate the highest common factor of 39 and 1391.
13
Calculate the highest common divisor of 21 and 42.
21
What is the highest common factor of 11 and 869?
11
Calculate the highest common factor of 15 and 93.
3
What is the greatest common factor of 78 and 4563?
39
Calculate the highest common divisor of 12 and 4866.
6
Calculate the highest common divisor of 124 and 3286.
62
What is the greatest common divisor of 80 and 336?
16
What is the greatest common factor of 11 and 1?
1
What is the highest common factor of 22 and 10043?
11
What is the highest common divisor of 144 and 3888?
144
What is the highest common factor of 854 and 182?
14
Calculate the highest common factor of 4654 and 26.
26
Calculate the highest common divisor of 90 and 66.
6
What is the greatest common factor of 390 and 60?
30
What is the greatest common divisor of 608 and 32?
32
Calculate the highest common divisor of 9329 and 19.
19
Calculate the greatest common factor of 1374 and 18.
6
Calculate the greatest common divisor of 183 and 4087.
61
Calculate the highest common divisor of 8 and 148.
4
What is the greatest common factor of 26 and 273?
13
What is the highest common factor of 805 and 23?
23
Calculate the highest common divisor of 304 and 1862.
38
Calculate the highest common divisor of 3 and 1086.
3
Calculate the highest common factor of 58 and 3509.
29
What is the highest common divisor of 640 and 160?
160
What is the highest common divisor of 52 and 26?
26
Calculate the greatest common divisor of 3 and 81.
3
What is the greatest common factor of 232 and 1682?
58
Calculate the greatest common divisor of 6511 and 17.
17
What is the highest common divisor of 1848 and 84?
84
Calculate the greatest common factor of 3577 and 49.
49
What is the greatest common factor of 3473 and 138?
23
What is the greatest common divisor of 1295 and 21?
7
What is the highest common factor of 7378 and 1736?
434
Calculate the highest common factor of 105 and 1407.
21
Calculate the highest common divisor of 224 and 308.
28
Calculate the highest common factor of 140 and 1372.
28
What is the greatest common factor of 24010 and 10?
10
Calculate the greatest common divisor of 36 and 48.
12
Calculate the highest common factor of 14 and 497.
7
Calculate the highest common divisor of 2009 and 49.
49
What is the greatest common divisor of 13 and 6461?
13
Calculate the greatest common factor of 235 and 893.
47
What is the greatest common factor of 299 and 13?
13
What is the greatest common factor of 989 and 43?
43
What is the highest common factor of 120 and 1860?
60
What is the greatest common factor of 55574 and 74?
74
Calculate the greatest common divisor of 224 and 416.
32
What is the greatest common divisor of 238 and 578?
34
Calculate the highest common divisor of 46 and 115.
23
Calculate the highest common factor of 33 and 1749.
33
Calculate the greatest common factor of 7676 and 76.
76
What is the greatest common factor of 424 and 16324?
212
What is the greatest common factor of 1030 and 70?
10
Calculate the highest common divisor of 185 and 259.
37
What is the greatest common factor of 63 and 909?
9
What is the highest common factor of 1 and 167?
1
What is the highest common factor of 407 and 121?
11
Calculate the greatest common divisor of 540 and 81.
27
What is the highest common factor of 2 and 2?
2
What is the greatest common divisor of 171 and 152?
19
Calculate the highest common divisor of 236 and 413.
59
What is the greatest common factor of 290 and 7105?
145
What is the greatest common divisor of 63 and 2?
1
What is the greatest common divisor of 105 and 399?
21
What is the greatest common factor of 96 and 864?
96
What is the greatest common factor of 1085 and 6975?
155
Calculate the highest common divisor of 1720 and 903.
43
Calculate the highest common factor of 76 and 12.
4
Calculate the greatest common divisor of 18700 and 68.
68
What is the greatest common factor of 189 and 108?
27
Calculate the greatest common factor of 15 and 885.
15
Calculate the greatest common factor of 36 and 60.
12
What is the highest common factor of 15510 and 2640?
330
Calculate the highest common divisor of 2 and 3.
1
Calculate the highest common divisor of 189 and 525.
21
Calculate the greatest common factor of 85 and 68.
17
Calculate the greatest common divisor of 308 and 572.
44
Calculate the highest common factor of 2772 and 28.
28
Calculate the greatest common factor of 430 and 90.
10
What is the highest common divisor of 13065 and 78?
39
Calculate the greatest common factor of 432 and 189.
27
What is the greatest common factor of 77 and 1848?
77
Calculate the highest common divisor of 308 and 28.
28
Calculate the greatest common divisor of 9933 and 231.
231
Calculate the greatest common factor of 6470 and 20.
10
Calculate the greatest common divisor of 85 and 697.
17
What is the greatest common divisor of 90 and 2445?
15
What is the highest common divisor of 108 and 16?
4
What is the greatest common divisor of 160 and 1040?
80
Calculate the greatest common divisor of 20 and 100.
20
What is the greatest common factor of 142 and 8?
2
What is the highest common divisor of 714 and 28?
14
Calculate the greatest common divisor of 850 and 950.
50
Calculate the highest common divisor of 24 and 3992.
8
Calculate the highest common divisor of 6 and 2772.
6
Calculate the highest common factor of 16 and 79.
1
Calculate the highest common divisor of 24 and 264.
24
Calculate the greatest common factor of 507 and 156.
39
Calculate the greatest common divisor of 75 and 690.
15
What is the highest common factor of 5128 and 16?
8
What is the greatest common divisor of 42 and 6342?
42
Calculate the greatest common divisor of 88 and 77.
11
What is the highest common factor of 470 and 130?
10
Calculate the greatest common factor of 110 and 2695.
55
Calculate the highest common factor of 4 and 34.
2
What is the greatest common divisor of 685 and 1644?
137
Calculate the greatest common factor of 5490 and 135.
45
Calculate the highest common factor of 104 and 572.
52
Calculate the highest common divisor of 18 and 2.
2
What is the highest common factor of 3376 and 16?
16
What is the greatest common divisor of 192 and 1248?
96
Calculate the highest common factor of 108 and 3870.
18
What is the highest common divisor of 17 and 19771?
17
Calculate the highest common divisor of 22 and 319.
11
What is the highest common factor of 5763 and 791?
113
What is the greatest common divisor of 9 and 477?
9
Calculate the highest common factor of 165 and 297.
33
What is the greatest common factor of 348 and 783?
87
What is the greatest common factor of 68 and 42398?
34
What is the greatest common factor of 1280 and 40?
40
Calculate the highest common divisor of 38 and 2.
2
What is the highest common factor of 2758 and 28?
14
What is the highest common factor of 18873 and 243?
81
What is the highest common divisor of 47000 and 100?
100
Calculate the greatest common divisor of 333 and 1110.
111
Calculate the highest common divisor of 775 and 3.
1
What is the highest common divisor of 1 and 169?
1
Calculate the greatest common factor of 21 and 1015.
7
Calculate the highest common factor of 13824 and 216.
216
Calculate the highest common factor of 32 and 872.
8
What is the greatest common divisor of 161 and 308?
7
What is the greatest common